?
15
Suppose -2*l + 17*l - 60 = 0. Suppose -2*n - 47 = -3*s - 149, 0 = l*n + 5*s - 226. What is the remainder when 214 is divided by n?
52
Suppose -6*b = -50 - 28. Suppose -3*q + u = -225, -3*q + 6*u + 225 = 8*u. Calculate the remainder when q is divided by b.
10
Let k = 23366 + -23313. Calculate the remainder when (-1)/((-2)/(-410)*-1) is divided by k.
46
Suppose -67208*y = -67170*y - 2888. What is the remainder when 392 is divided by y?
12
Suppose -5*u + 1224 = 259. Suppose 333*h - 290*h - 562 = 212. Calculate the remainder when u is divided by h.
13
Suppose -4*q - 18 = -6*q. Let b(n) = 6 - 6*n + q - 4. Calculate the remainder when b(-4) is divided by 19.
16
Let l = -8744 - -8751. What is the remainder when 139 is divided by l?
6
Suppose -1138 = 14*h + 4742. Suppose -4*i - 12 = 4*u, 0 = 5*u + 7*i - 3*i + 10. Calculate the remainder when u is divided by 180/h + (-20)/(-14) + 0.
0
Let r(v) = 113*v**2. Suppose -32*n + 16*n + 1840 = 0. Suppose 0 = -36*j + 41*j - n. Calculate the remainder when r(1) is divided by j.
21
Suppose -570 = 23*k + 34*k. Calculate the remainder when 274 + k - (-9)/(-3) is divided by 61.
17
Calculate the remainder when 4/(-12)*(3 - (-8 - 4)) - -3084 is divided by 13.
11
Suppose 6*m = -2*b + 4*m - 310, 4*b - 2*m = -638. Let s = b - -66. What is the remainder when (-3)/2*5/(30/s) is divided by 8?
7
Let k = 337 - -372. What is the remainder when k is divided by 42?
37
Let b(u) = -u**3 + 7*u**2 + 8*u - 3. Calculate the remainder when b(-3) is divided by -55 - -56 - 24/(-1 - 1).
11
Let n(v) = 22*v + 139. Let m = -919 + 913. What is the remainder when 187 is divided by n(m)?
5
Let b(d) = d**3 + 5*d**2 - 7*d + 4. Let q = -353 - -347. Calculate the remainder when 97 is divided by b(q).
7
Let i = 356 + 43. What is the remainder when i is divided by 29?
22
Let m(w) = 3*w**3 - 19*w**2 + 175*w - 975. Suppose d + 3*d = 1228. Calculate the remainder when d is divided by m(6).
34
Suppose 7*c + 12 = 3*c + 6*c. Calculate the remainder when 426 is divided by c.
0
Suppose 4*g + 5*l = 200 + 61, -4*g = 4*l - 264. Let w be 40/24 + -1 + 1/3. Calculate the remainder when g is divided by ((-1 - w) + -12)/(1*-1).
13
Let x be 5/135*6 - 218/9. Let d = x + 972. Suppose 13*m - m - d = 0. What is the remainder when m is divided by 12?
7
Let q(m) = 13*m**2 - 8*m + 8. Suppose 4*o = -5*g + 46, -24 = -2*g + 2*o - 5*o. Suppose g = 17*y - 11. Calculate the remainder when 39 is divided by q(y).
0
Suppose -12254 - 814 = -44*p. Suppose -4*q + 13*q = p. Calculate the remainder when 328 is divided by q.
31
Let l = 15171 - 15151. Suppose 9 = 2*c - 7. Suppose m + c*j - 3*j = 58, 2*j - 76 = -2*m. What is the remainder when m is divided by l?
13
Suppose 2*f - 2631 = -769. Calculate the remainder when f is divided by 95.
76
Suppose 3*d = 2*t - 632, d - 6*d - 1047 = 3*t. Calculate the remainder when (-12 - (-33 + 3)) + 32 is divided by 12/10*d/(-9).
22
Let j be (-2)/((-16)/(-108))*(-160)/12. Suppose 0 = 18*t - 27*t + j. What is the remainder when 217 is divided by t?
17
What is the remainder when 884 is divided by 49/(1 - -2 - (-16 - -18))?
2
Suppose -r - 39*d = -35*d - 539, 0 = 4*r + 4*d - 2120. What is the remainder when r is divided by 258?
11
Suppose 82*i - 87*i + 60 = -2*f, -12 = -i - f. What is the remainder when 1258 is divided by i?
10
Suppose 37*q - 12*q = 75. Let v be (-12)/(-6) - 2/2. What is the remainder when (v/q)/(6/522) is divided by 10?
9
Suppose -5*x - 3 = 2. Let u = 4 + x. Suppose -84 = -u*n + r - 10, 0 = -3*n - 3*r + 90. Calculate the remainder when n is divided by 10.
6
Suppose 5*n - 4145 = 5*o, 838 = n + 4*o + 19. Calculate the remainder when n is divided by 60.
47
Suppose -k + 1 = 0, 8*u + 1427 = 4*u - 5*k. Let r = 559 + u. Calculate the remainder when r is divided by 52.
45
Let c = 323 - 179. Suppose -3*v = 2*v - 3*a - 31, 3*v + 2*a = 11. Suppose 4*m - c = -v*m. What is the remainder when 62 is divided by m?
14
Let l = 35 + 30. Let g be ((-16)/(-20))/(4/(-30)). What is the remainder when l is divided by (-2)/6 + 8*(-13)/g?
14
Suppose 36*o - 27*o = 270. Calculate the remainder when (-1020)/(-150)*o/4 is divided by 13.
12
Let t(g) be the first derivative of 2*g**3/3 - g**2/2 + 312*g + 55. What is the remainder when t(0) is divided by 21?
18
Calculate the remainder when (1476/(-27))/((-1)/6) is divided by 90.
58
Suppose -4*p = 4*o - 76, -87*o - 4*p = -89*o + 50. Suppose -12 = -3*z, -5*x + 3538 = 4*z - 1448. Calculate the remainder when (-6)/24 + x/8 is divided by o.
19
Suppose 0 = -2*n - n - 18. Let a be ((-206)/(-4) + -2)*(-16)/n. Let b = a + -64. Calculate the remainder when b is divided by 24.
20
Let f = -14862 - -14981. What is the remainder when 805 is divided by f?
91
Let y = -742 + 748. Suppose 21*a + 130 = 23*a. What is the remainder when a is divided by y?
5
Suppose 4*q = 8*q - 72. Suppose -3*h + 10 = f, 5*h - f + 4 = q. Calculate the remainder when 5 is divided by h.
2
Let o = 365 + -361. Suppose -6*a = -a + 4*j - 1931, o*a = -5*j + 1543. Calculate the remainder when a is divided by 78.
75
Let k = 151 + -146. Suppose 5*y - 808 = -2*l, 2*y + 500 = k*y + 5*l. What is the remainder when y is divided by 6?
4
Suppose -d - 5*q + 124 = 0, d - 9*q + 8*q - 112 = 0. Let u = 261 - d. Calculate the remainder when u is divided by 30.
27
Let k = -27 + 118. Suppose 12*g + 77 - 283 = -14. What is the remainder when k is divided by g?
11
Suppose l = 5*n - 134, 0 = -5*n - 11*l + 6*l + 140. Calculate the remainder when 1482 is divided by n.
24
Let a = -17 + 15. Let z be 1 - (7 + a - -1). Let d = 17 + z. What is the remainder when 71 is divided by d?
11
Suppose 2*m - 18*m - 208 = 0. What is the remainder when 127 is divided by -80*4/10*(11 + m)?
63
Suppose 0 = -t + 5*s - 9, -3*t = -4*t - 3*s + 23. Suppose -387 = -5*m - 3*k + 6*k, m - 59 = -4*k. What is the remainder when m is divided by t?
9
Suppose -9*b - 99 = -12*b. Suppose -3*q = -q - 12. Let v = 15 - q. What is the remainder when b is divided by v?
6
Suppose -71 = -s - b - 29, 2*s - 3*b - 84 = 0. What is the remainder when s is divided by 28?
14
Suppose 0 = 34*a - 1635 - 99. Calculate the remainder when 507 is divided by a.
48
Let r(j) be the third derivative of j**5/12 - j**4/8 + j**3/3 - 11*j**2. Let u be r(1). Suppose 62 + 330 = u*v. Calculate the remainder when v is divided by 25.
23
Suppose 2*f = -3*n + 1357 + 7604, -2*n - 4463 = -f. Suppose 7*g + 1477 - f = 0. Calculate the remainder when g is divided by 54.
50
Suppose 6 = r + 15. Suppose 0 = -3*x - 15, 4*o + 3*x = 4*x + 89. What is the remainder when (r/12)/(7/(-308)) is divided by o?
12
Let g(k) = 2*k**2 - 30*k - 6. Let m(h) = 13*h**2 + 7*h - 7. What is the remainder when m(4) is divided by g(16)?
21
Let z(q) = -3*q**2 - 4. Let p be z(7). Let u = 156 + p. What is the remainder when 22 is divided by u?
2
Suppose 0 = 23*t - 3979 + 805. Suppose -2*u + 4*c = -t, 3*u - 2*c + 7*c - 196 = 0. Calculate the remainder when u is divided by 24.
19
Let p(u) = -2*u - 15. Let z be p(-8). Suppose 0 = 5*k + z - 76. Let g(x) = x**3 - 15*x**2 + 3*x - 20. What is the remainder when g(k) is divided by 13?
12
Let n = 143 - 46. Suppose 13*q + 6*q + 703 = 0. Let d = q + 70. What is the remainder when n is divided by d?
31
Calculate the remainder when 603 is divided by (-9)/(-15) + 366/(-10)*26/(-39).
3
Suppose 27*u - 16724 = -713. Let p = -112 + 197. What is the remainder when u is divided by p?
83
Let h = -305 + 345. Let t = -32 + 40. Calculate the remainder when h is divided by t.
0
Suppose -8 = -2*v + 1572. Calculate the remainder when v is divided by 226.
112
Suppose y + 5*m - 89 = 0, -3*m = 2*y - 7*y + 473. Suppose -840 = 88*j - y*j. Calculate the remainder when j is divided by 37.
29
Let f(a) = a**2 + 124*a + 2421. What is the remainder when f(-23) is divided by (-35)/(-3) + 12/(-18)?
10
Suppose 0 = 5*o + 182 - 212. Suppose -5*q = o*q - 2860. Calculate the remainder when q is divided by 33.
29
Suppose -4*v - 4*q + 12 = 0, 12 = 4*v + 13*q - 14*q. Calculate the remainder when 1250 is divided by v.
2
Let m(g) = 3*g**2 - 24*g + 103. Let s(b) = -8*b - 77. What is the remainder when m(16) is divided by s(-14)?
32
Suppose -3*d + 60 = d. Calculate the remainder when ((-520)/(-195))/(1/39) is divided by d.
14
Let c = -290 - -237. Suppose 2*h - 286 = 3*o, 3*o + 3*h = -